{"id":4482,"date":"2023-10-19T18:15:04","date_gmt":"2023-10-19T23:15:04","guid":{"rendered":"https:\/\/apice.org.co\/site\/?page_id=4482"},"modified":"2025-12-02T15:13:45","modified_gmt":"2025-12-02T20:13:45","slug":"renovacion-credito-educativo-condonable","status":"publish","type":"page","link":"https:\/\/apice.org.co\/site\/renovacion-credito-educativo-condonable\/","title":{"rendered":"Renovacion credito educativo condonable"},"content":{"rendered":"\t\t<div data-elementor-type=\"wp-page\" data-elementor-id=\"4482\" class=\"elementor elementor-4482\" data-elementor-post-type=\"page\">\n\t\t\t\t\t\t<section class=\"elementor-section elementor-top-section elementor-element elementor-element-8b54363 elementor-section-boxed elementor-section-height-default elementor-section-height-default\" data-id=\"8b54363\" data-element_type=\"section\" data-e-type=\"section\">\n\t\t\t\t\t\t<div class=\"elementor-container elementor-column-gap-default\">\n\t\t\t\t\t<div class=\"elementor-column elementor-col-100 elementor-top-column elementor-element elementor-element-d0bc009\" data-id=\"d0bc009\" data-element_type=\"column\" data-e-type=\"column\">\n\t\t\t<div class=\"elementor-widget-wrap elementor-element-populated\">\n\t\t\t\t\t\t<div class=\"elementor-element elementor-element-9edddc3 elementor-widget elementor-widget-spacer\" data-id=\"9edddc3\" data-element_type=\"widget\" data-e-type=\"widget\" data-widget_type=\"spacer.default\">\n\t\t\t\t<div class=\"elementor-widget-container\">\n\t\t\t\t\t\t\t<div class=\"elementor-spacer\">\n\t\t\t<div class=\"elementor-spacer-inner\"><\/div>\n\t\t<\/div>\n\t\t\t\t\t\t<\/div>\n\t\t\t\t<\/div>\n\t\t\t\t\t<\/div>\n\t\t<\/div>\n\t\t\t\t\t<\/div>\n\t\t<\/section>\n\t\t\t\t<section class=\"elementor-section elementor-top-section elementor-element elementor-element-3825136 elementor-section-boxed elementor-section-height-default elementor-section-height-default\" data-id=\"3825136\" data-element_type=\"section\" data-e-type=\"section\">\n\t\t\t\t\t\t<div class=\"elementor-container elementor-column-gap-default\">\n\t\t\t\t\t<div class=\"elementor-column elementor-col-50 elementor-top-column elementor-element elementor-element-7b8a648\" data-id=\"7b8a648\" data-element_type=\"column\" data-e-type=\"column\">\n\t\t\t<div class=\"elementor-widget-wrap elementor-element-populated\">\n\t\t\t\t\t\t<div class=\"elementor-element elementor-element-eb6afa8 elementor-widget elementor-widget-heading\" data-id=\"eb6afa8\" data-element_type=\"widget\" data-e-type=\"widget\" data-widget_type=\"heading.default\">\n\t\t\t\t<div class=\"elementor-widget-container\">\n\t\t\t\t\t<h2 class=\"elementor-heading-title elementor-size-default\">CR\u00c9DITO EDUCATIVO CONDONABLE<\/h2>\t\t\t\t<\/div>\n\t\t\t\t<\/div>\n\t\t\t\t<div class=\"elementor-element elementor-element-10945d7 elementor-widget elementor-widget-heading\" data-id=\"10945d7\" data-element_type=\"widget\" data-e-type=\"widget\" data-widget_type=\"heading.default\">\n\t\t\t\t<div class=\"elementor-widget-container\">\n\t\t\t\t\t<h2 class=\"elementor-heading-title elementor-size-default\">Renovaci\u00f3n<\/h2>\t\t\t\t<\/div>\n\t\t\t\t<\/div>\n\t\t\t\t<div class=\"elementor-element elementor-element-8999a93 elementor-widget elementor-widget-spacer\" data-id=\"8999a93\" data-element_type=\"widget\" data-e-type=\"widget\" data-widget_type=\"spacer.default\">\n\t\t\t\t<div class=\"elementor-widget-container\">\n\t\t\t\t\t\t\t<div class=\"elementor-spacer\">\n\t\t\t<div class=\"elementor-spacer-inner\"><\/div>\n\t\t<\/div>\n\t\t\t\t\t\t<\/div>\n\t\t\t\t<\/div>\n\t\t\t\t<div class=\"elementor-element elementor-element-28d9895 elementor-widget elementor-widget-text-editor\" data-id=\"28d9895\" data-element_type=\"widget\" data-e-type=\"widget\" data-widget_type=\"text-editor.default\">\n\t\t\t\t<div class=\"elementor-widget-container\">\n\t\t\t\t\t\t\t\t\t<p><span style=\"color: rgba(60, 60, 60, 0.99); font-family: helvetica, arial, sans-serif; font-size: 14pt; text-align: var(--bs-body-text-align);\">Los beneficiarios del Cr\u00e9dito Educativo Condonable, que desean continuar con la financiaci\u00f3n de su cr\u00e9dito educativo para el pr\u00f3ximo semestre, lo invitamos a realizar su proceso de renovaci\u00f3n y tener en cuenta las siguiente informaci\u00f3n:\u00a0<\/span><\/p>\t\t\t\t\t\t\t\t<\/div>\n\t\t\t\t<\/div>\n\t\t\t\t\t<\/div>\n\t\t<\/div>\n\t\t\t\t<div class=\"elementor-column elementor-col-50 elementor-top-column elementor-element elementor-element-717dd77\" data-id=\"717dd77\" data-element_type=\"column\" data-e-type=\"column\">\n\t\t\t<div class=\"elementor-widget-wrap elementor-element-populated\">\n\t\t\t\t\t\t<div class=\"elementor-element elementor-element-69ea134 elementor-widget elementor-widget-image\" data-id=\"69ea134\" data-element_type=\"widget\" data-e-type=\"widget\" data-widget_type=\"image.default\">\n\t\t\t\t<div class=\"elementor-widget-container\">\n\t\t\t\t\t\t\t\t\t\t\t\t\t\t\t<img fetchpriority=\"high\" decoding=\"async\" width=\"640\" height=\"458\" src=\"https:\/\/apice.org.co\/site\/wp-content\/uploads\/2023\/11\/Renovacion-credito-3-768x549.jpg\" class=\"attachment-medium_large size-medium_large wp-image-9281\" alt=\"\" srcset=\"https:\/\/apice.org.co\/site\/wp-content\/uploads\/2023\/11\/Renovacion-credito-3-768x549.jpg 768w, https:\/\/apice.org.co\/site\/wp-content\/uploads\/2023\/11\/Renovacion-credito-3-300x215.jpg 300w, https:\/\/apice.org.co\/site\/wp-content\/uploads\/2023\/11\/Renovacion-credito-3-320x229.jpg 320w, https:\/\/apice.org.co\/site\/wp-content\/uploads\/2023\/11\/Renovacion-credito-3-480x343.jpg 480w, https:\/\/apice.org.co\/site\/wp-content\/uploads\/2023\/11\/Renovacion-credito-3-800x572.jpg 800w, https:\/\/apice.org.co\/site\/wp-content\/uploads\/2023\/11\/Renovacion-credito-3.jpg 913w\" sizes=\"(max-width: 640px) 100vw, 640px\" \/>\t\t\t\t\t\t\t\t\t\t\t\t\t\t\t<\/div>\n\t\t\t\t<\/div>\n\t\t\t\t\t<\/div>\n\t\t<\/div>\n\t\t\t\t\t<\/div>\n\t\t<\/section>\n\t\t\t\t<section class=\"elementor-section elementor-top-section elementor-element elementor-element-4c8567b elementor-section-boxed elementor-section-height-default elementor-section-height-default\" data-id=\"4c8567b\" data-element_type=\"section\" data-e-type=\"section\">\n\t\t\t\t\t\t<div class=\"elementor-container elementor-column-gap-default\">\n\t\t\t\t\t<div class=\"elementor-column elementor-col-100 elementor-top-column elementor-element elementor-element-9032efd\" data-id=\"9032efd\" data-element_type=\"column\" data-e-type=\"column\">\n\t\t\t<div class=\"elementor-widget-wrap elementor-element-populated\">\n\t\t\t\t\t\t<div class=\"elementor-element elementor-element-d8786a8 elementor-widget elementor-widget-text-editor\" data-id=\"d8786a8\" data-element_type=\"widget\" data-e-type=\"widget\" data-widget_type=\"text-editor.default\">\n\t\t\t\t<div class=\"elementor-widget-container\">\n\t\t\t\t\t\t\t\t\t<p><span style=\"font-size: 14pt; font-family: helvetica, arial, sans-serif; color: #333333;\"><strong>PROCESO DE RENOVACI\u00d3N 2025:<\/strong><\/span><\/p><p>\u00a0<\/p><ul><li><p><span style=\"font-family: helvetica, arial, sans-serif; font-size: 14pt; color: #333333;\">Cronograma: Del 1 al 16 de diciembre 2025 y del 16 de enero al 28 de febrero del 2026<\/span><\/p><\/li><li><p><span style=\"font-family: helvetica, arial, sans-serif; font-size: 14pt; color: #333333;\"><b>Entre los d\u00edas del 17 de diciembre del 2025 al 15 de enero del 2026, no se atender\u00e1 ninguna solicitud por temporada de vacaciones colectivas.<\/b>\u00a0<\/span><\/p><\/li><li>\u00a0<\/li><\/ul><p><span style=\"color: rgba(60, 60, 60, 0.99); font-family: helvetica, arial, sans-serif; font-size: 14pt; text-align: var(--bs-body-text-align);\">Diligenciar los formularios del beneficiario y codeudor con la respectiva documentaci\u00f3n, <strong>cinco (5) d\u00edas h\u00e1biles antes del vencimiento de la matr\u00edcula ordinaria.<\/strong><\/span><\/p><p><span style=\"color: rgba(60, 60, 60, 0.99); font-family: helvetica, arial, sans-serif; font-size: 14pt; text-align: var(--bs-body-text-align);\">\u00a0<\/span><\/p><ul><li><span style=\"font-family: helvetica, arial, sans-serif; font-size: 14pt; color: rgba(60, 60, 60, 0.99);\">Aprobar el semestre acad\u00e9mico anterior. <\/span><\/li><\/ul><p><span style=\"font-family: helvetica, arial, sans-serif; font-size: 14pt; color: rgba(60, 60, 60, 0.99);\">\u00a0<\/span><\/p><ul><li><span style=\"font-family: helvetica, arial, sans-serif; font-size: 14pt; color: rgba(60, 60, 60, 0.99);\">Realizar el pago de intereses, de acuerdo con el valor que se le inform\u00f3 en la \u00faltima renovaci\u00f3n.<\/span><\/li><li>\u00a0<\/li><\/ul><ul><li><span style=\"font-size: 14pt; font-family: helvetica, arial, sans-serif; color: rgba(60, 60, 60, 0.99);\">En caso de perdida de una o dos asignaturas, el beneficiario deber\u00e1 realizar el pago de la o las materias perdidas con recursos propios y deber\u00e1 adjuntar al formulario el soporte del pago para ser descontado del valor de la matr\u00edcula si el caso.<\/span><span style=\"font-size: 14pt; font-family: helvetica, arial, sans-serif; color: rgba(60, 60, 60, 0.99);\">\u00a0<\/span><\/li><\/ul><ul><li>\u00a0<\/li><li><span style=\"font-family: helvetica, arial, sans-serif; font-size: 14pt; color: rgba(60, 60, 60, 0.99);\">Si presenta inquietudes al realizar su proceso de renovaci\u00f3n del cr\u00e9dito, le solicitamos informarnos al correo avargas@apice.org.co, o celular y\/o WhatsApp 316 2861759 para indicarle el proceso a seguir.<\/span><\/li><li>\u00a0<\/li><li><span style=\"font-size: 14pt; font-family: helvetica, arial, sans-serif; color: rgba(60, 60, 60, 0.99);\">De acuerdo con el <a style=\"color: rgba(60, 60, 60, 0.99);\" href=\"https:\/\/drive.google.com\/file\/d\/185225GEfnJBofV4ZQG8MPHMirX6WECCE\/view\" target=\"_blank\" rel=\"noopener\"><strong>Reglamento del Programa del Cr\u00e9dito Educativo<\/strong>\u00a0<strong>Condonable<\/strong><\/a>, Programa de \u201cPAP\u201d, Art\u00edculo 39\u00a0numeral 5 \u201cLa adulteraci\u00f3n de documentos o presentaci\u00f3n de informaci\u00f3n falsa\u201d, es causal de liquidaci\u00f3n definitiva del cr\u00e9dito educativo, sin el beneficio de la condonaci\u00f3n.<strong>\u00a0<\/strong><a style=\"color: rgba(60, 60, 60, 0.99);\" href=\"https:\/\/drive.google.com\/file\/d\/185225GEfnJBofV4ZQG8MPHMirX6WECCE\/view\" target=\"_blank\" rel=\"noopener\"><strong>PDF reglamento<\/strong><\/a><b>.1<\/b><\/span><\/li><li>\u00a0<\/li><li><span style=\"font-family: helvetica, arial, sans-serif; color: rgba(60, 60, 60, 0.99); font-size: 14pt;\"><strong>Nota:<\/strong> Les informamos que los funcionarios de \u00c1PICE, no se encuentran atendiendo en forma presencial en sus oficinas. Por lo anterior el\u00a0 proceso de renovaci\u00f3n del cr\u00e9dito educativo se realizar\u00e1 de manera virtual.<\/span><\/li><\/ul>\t\t\t\t\t\t\t\t<\/div>\n\t\t\t\t<\/div>\n\t\t\t\t\t<\/div>\n\t\t<\/div>\n\t\t\t\t\t<\/div>\n\t\t<\/section>\n\t\t\t\t<section class=\"elementor-section elementor-top-section elementor-element elementor-element-3eebf6e9 elementor-section-boxed elementor-section-height-default elementor-section-height-default\" data-id=\"3eebf6e9\" data-element_type=\"section\" data-e-type=\"section\">\n\t\t\t\t\t\t<div class=\"elementor-container elementor-column-gap-default\">\n\t\t\t\t\t<div class=\"elementor-column elementor-col-100 elementor-top-column elementor-element elementor-element-7dee5f65\" data-id=\"7dee5f65\" data-element_type=\"column\" data-e-type=\"column\">\n\t\t\t<div class=\"elementor-widget-wrap elementor-element-populated\">\n\t\t\t\t\t\t<div class=\"elementor-element elementor-element-8c8d7b0 elementor-align-center elementor-invisible elementor-widget elementor-widget-button\" data-id=\"8c8d7b0\" data-element_type=\"widget\" data-e-type=\"widget\" data-settings=\"{&quot;_animation&quot;:&quot;fadeIn&quot;}\" data-widget_type=\"button.default\">\n\t\t\t\t<div class=\"elementor-widget-container\">\n\t\t\t\t\t\t\t\t\t<div class=\"elementor-button-wrapper\">\n\t\t\t\t\t<a class=\"elementor-button elementor-button-link elementor-size-md elementor-animation-shrink\" href=\"https:\/\/apice.org.co\/site\/documentos-renovacion\/\">\n\t\t\t\t\t\t<span class=\"elementor-button-content-wrapper\">\n\t\t\t\t\t\t<span class=\"elementor-button-icon\">\n\t\t\t\t<i aria-hidden=\"true\" class=\"fas fa-angle-double-right\"><\/i>\t\t\t<\/span>\n\t\t\t\t\t\t\t\t\t<span class=\"elementor-button-text\">Lista de documentos y formularios de renovaci\u00f3n<\/span>\n\t\t\t\t\t<\/span>\n\t\t\t\t\t<\/a>\n\t\t\t\t<\/div>\n\t\t\t\t\t\t\t\t<\/div>\n\t\t\t\t<\/div>\n\t\t\t\t\t<\/div>\n\t\t<\/div>\n\t\t\t\t\t<\/div>\n\t\t<\/section>\n\t\t\t\t<section class=\"elementor-section elementor-top-section elementor-element elementor-element-a8db1fe elementor-section-boxed elementor-section-height-default elementor-section-height-default\" data-id=\"a8db1fe\" data-element_type=\"section\" data-e-type=\"section\">\n\t\t\t\t\t\t<div class=\"elementor-container elementor-column-gap-default\">\n\t\t\t\t\t<div class=\"elementor-column elementor-col-100 elementor-top-column elementor-element elementor-element-a427745\" data-id=\"a427745\" data-element_type=\"column\" data-e-type=\"column\">\n\t\t\t<div class=\"elementor-widget-wrap elementor-element-populated\">\n\t\t\t\t\t\t<div class=\"elementor-element elementor-element-c4cb9d4 elementor-widget elementor-widget-text-editor\" data-id=\"c4cb9d4\" data-element_type=\"widget\" data-e-type=\"widget\" data-widget_type=\"text-editor.default\">\n\t\t\t\t<div class=\"elementor-widget-container\">\n\t\t\t\t\t\t\t\t\t<ul style=\"list-style-type: circle;\">\n<li>&nbsp;<\/li>\n<\/ul>\n<p><span style=\"font-family: helvetica, arial, sans-serif; font-size: 14pt; color: rgba(60, 60, 60, 0.99);\"><strong>Mayor informaci\u00f3n:<\/strong><\/span><\/p>\n<p><\/p>\n<p><span style=\"font-family: helvetica, arial, sans-serif; font-size: 14pt; color: rgba(60, 60, 60, 0.99);\"><strong>Mar\u00eda Ang\u00e9lica Vargas Rocha<\/strong><\/span><\/p>\n<p><span style=\"font-family: helvetica, arial, sans-serif; font-size: 14pt; color: rgba(60, 60, 60, 0.99);\">Gestora de Proyectos \u2013 \u00c1PICE<\/span><\/p>\n<p><span style=\"font-family: helvetica, arial, sans-serif; font-size: 14pt; color: rgba(60, 60, 60, 0.99);\"><strong>Celular y\/o WhatsApp:<\/strong> 316 2861769<\/span><\/p>\n<p><span style=\"font-family: helvetica, arial, sans-serif; font-size: 14pt; color: #006699;\"><a style=\"color: #006699;\" href=\"mailto:avargas@apice.org.co\"><strong>avargas@apice.org.co<\/strong><\/a>&nbsp;<\/span><\/p>\n<p><span style=\"font-family: helvetica, arial, sans-serif; font-size: 14pt; color: #006699;\">&nbsp;<\/span><\/p>\t\t\t\t\t\t\t\t<\/div>\n\t\t\t\t<\/div>\n\t\t\t\t<div class=\"elementor-element elementor-element-4dedd60f elementor-align-right elementor-invisible elementor-widget elementor-widget-button\" data-id=\"4dedd60f\" data-element_type=\"widget\" data-e-type=\"widget\" data-settings=\"{&quot;_animation&quot;:&quot;fadeIn&quot;}\" data-widget_type=\"button.default\">\n\t\t\t\t<div class=\"elementor-widget-container\">\n\t\t\t\t\t\t\t\t\t<div class=\"elementor-button-wrapper\">\n\t\t\t\t\t<a class=\"elementor-button elementor-button-link elementor-size-md elementor-animation-pop\" href=\"https:\/\/apice.org.co\/site\/informacion-credito-educativo\/\">\n\t\t\t\t\t\t<span class=\"elementor-button-content-wrapper\">\n\t\t\t\t\t\t<span class=\"elementor-button-icon\">\n\t\t\t\t<i aria-hidden=\"true\" class=\"fas fa-reply\"><\/i>\t\t\t<\/span>\n\t\t\t\t\t\t\t\t\t<span class=\"elementor-button-text\">Regresar<\/span>\n\t\t\t\t\t<\/span>\n\t\t\t\t\t<\/a>\n\t\t\t\t<\/div>\n\t\t\t\t\t\t\t\t<\/div>\n\t\t\t\t<\/div>\n\t\t\t\t\t<\/div>\n\t\t<\/div>\n\t\t\t\t\t<\/div>\n\t\t<\/section>\n\t\t\t\t<section class=\"elementor-section elementor-top-section elementor-element elementor-element-1fa9573 elementor-section-boxed elementor-section-height-default elementor-section-height-default\" data-id=\"1fa9573\" data-element_type=\"section\" data-e-type=\"section\">\n\t\t\t\t\t\t<div class=\"elementor-container elementor-column-gap-default\">\n\t\t\t\t\t<div class=\"elementor-column elementor-col-50 elementor-top-column elementor-element elementor-element-aa912c0\" data-id=\"aa912c0\" data-element_type=\"column\" data-e-type=\"column\">\n\t\t\t<div class=\"elementor-widget-wrap\">\n\t\t\t\t\t\t\t<\/div>\n\t\t<\/div>\n\t\t\t\t<div class=\"elementor-column elementor-col-50 elementor-top-column elementor-element elementor-element-3309daf\" data-id=\"3309daf\" data-element_type=\"column\" data-e-type=\"column\">\n\t\t\t<div class=\"elementor-widget-wrap\">\n\t\t\t\t\t\t\t<\/div>\n\t\t<\/div>\n\t\t\t\t\t<\/div>\n\t\t<\/section>\n\t\t\t\t<\/div>\n\t\t","protected":false},"excerpt":{"rendered":"<p>CR\u00c9DITO EDUCATIVO CONDONABLE Renovaci\u00f3n Los beneficiarios del Cr\u00e9dito Educativo Condonable, que desean continuar con la financiaci\u00f3n de su cr\u00e9dito educativo para el pr\u00f3ximo semestre, lo invitamos a realizar su proceso de renovaci\u00f3n y tener en cuenta las siguiente informaci\u00f3n:\u00a0 PROCESO DE RENOVACI\u00d3N 2025: \u00a0 Cronograma: Del 1 al 16 de diciembre 2025 y del 16 [&hellip;]<\/p>\n","protected":false},"author":7,"featured_media":0,"parent":0,"menu_order":0,"comment_status":"closed","ping_status":"closed","template":"","meta":{"_acf_changed":false,"om_disable_all_campaigns":false,"_exactmetrics_skip_tracking":false,"_exactmetrics_sitenote_active":false,"_exactmetrics_sitenote_note":"","_exactmetrics_sitenote_category":0,"_uf_show_specific_survey":0,"_uf_disable_surveys":false,"footnotes":""},"class_list":["post-4482","page","type-page","status-publish","hentry"],"acf":[],"aioseo_notices":[],"_links":{"self":[{"href":"https:\/\/apice.org.co\/site\/wp-json\/wp\/v2\/pages\/4482","targetHints":{"allow":["GET"]}}],"collection":[{"href":"https:\/\/apice.org.co\/site\/wp-json\/wp\/v2\/pages"}],"about":[{"href":"https:\/\/apice.org.co\/site\/wp-json\/wp\/v2\/types\/page"}],"author":[{"embeddable":true,"href":"https:\/\/apice.org.co\/site\/wp-json\/wp\/v2\/users\/7"}],"replies":[{"embeddable":true,"href":"https:\/\/apice.org.co\/site\/wp-json\/wp\/v2\/comments?post=4482"}],"version-history":[{"count":534,"href":"https:\/\/apice.org.co\/site\/wp-json\/wp\/v2\/pages\/4482\/revisions"}],"predecessor-version":[{"id":14557,"href":"https:\/\/apice.org.co\/site\/wp-json\/wp\/v2\/pages\/4482\/revisions\/14557"}],"wp:attachment":[{"href":"https:\/\/apice.org.co\/site\/wp-json\/wp\/v2\/media?parent=4482"}],"curies":[{"name":"wp","href":"https:\/\/api.w.org\/{rel}","templated":true}]}}