{"id":7080,"date":"2023-11-05T17:25:56","date_gmt":"2023-11-05T22:25:56","guid":{"rendered":"https:\/\/apice.org.co\/site\/?page_id=7080"},"modified":"2025-09-29T17:12:46","modified_gmt":"2025-09-29T22:12:46","slug":"ce-requisitos","status":"publish","type":"page","link":"https:\/\/apice.org.co\/site\/ce-requisitos\/","title":{"rendered":"ce-requisitos"},"content":{"rendered":"\t\t<div data-elementor-type=\"wp-page\" data-elementor-id=\"7080\" class=\"elementor elementor-7080\" data-elementor-post-type=\"page\">\n\t\t\t\t\t\t<section class=\"elementor-section elementor-top-section elementor-element elementor-element-8a740af elementor-section-boxed elementor-section-height-default elementor-section-height-default\" data-id=\"8a740af\" data-element_type=\"section\" data-e-type=\"section\">\n\t\t\t\t\t\t<div class=\"elementor-container elementor-column-gap-default\">\n\t\t\t\t\t<div class=\"elementor-column elementor-col-100 elementor-top-column elementor-element elementor-element-320564a\" data-id=\"320564a\" data-element_type=\"column\" data-e-type=\"column\">\n\t\t\t<div class=\"elementor-widget-wrap elementor-element-populated\">\n\t\t\t\t\t\t<div class=\"elementor-element elementor-element-79e7026 elementor-widget elementor-widget-spacer\" data-id=\"79e7026\" data-element_type=\"widget\" data-e-type=\"widget\" data-widget_type=\"spacer.default\">\n\t\t\t\t<div class=\"elementor-widget-container\">\n\t\t\t\t\t\t\t<div class=\"elementor-spacer\">\n\t\t\t<div class=\"elementor-spacer-inner\"><\/div>\n\t\t<\/div>\n\t\t\t\t\t\t<\/div>\n\t\t\t\t<\/div>\n\t\t\t\t\t<\/div>\n\t\t<\/div>\n\t\t\t\t\t<\/div>\n\t\t<\/section>\n\t\t\t\t<section class=\"elementor-section elementor-top-section elementor-element elementor-element-965e132 elementor-section-boxed elementor-section-height-default elementor-section-height-default\" data-id=\"965e132\" data-element_type=\"section\" data-e-type=\"section\">\n\t\t\t\t\t\t<div class=\"elementor-container elementor-column-gap-default\">\n\t\t\t\t\t<div class=\"elementor-column elementor-col-100 elementor-top-column elementor-element elementor-element-89f35ac\" data-id=\"89f35ac\" data-element_type=\"column\" data-e-type=\"column\">\n\t\t\t<div class=\"elementor-widget-wrap elementor-element-populated\">\n\t\t\t\t\t\t<div class=\"elementor-element elementor-element-26855a4 elementor-widget elementor-widget-heading\" data-id=\"26855a4\" data-element_type=\"widget\" data-e-type=\"widget\" data-widget_type=\"heading.default\">\n\t\t\t\t<div class=\"elementor-widget-container\">\n\t\t\t\t\t<h2 class=\"elementor-heading-title elementor-size-default\">cr\u00e9dito educativo condonable<\/h2>\t\t\t\t<\/div>\n\t\t\t\t<\/div>\n\t\t\t\t<div class=\"elementor-element elementor-element-103ccb4 elementor-widget elementor-widget-heading\" data-id=\"103ccb4\" data-element_type=\"widget\" data-e-type=\"widget\" data-widget_type=\"heading.default\">\n\t\t\t\t<div class=\"elementor-widget-container\">\n\t\t\t\t\t<h2 class=\"elementor-heading-title elementor-size-default\">Requisitos<\/h2>\t\t\t\t<\/div>\n\t\t\t\t<\/div>\n\t\t\t\t\t<\/div>\n\t\t<\/div>\n\t\t\t\t\t<\/div>\n\t\t<\/section>\n\t\t\t\t<section class=\"elementor-section elementor-top-section elementor-element elementor-element-47febbd elementor-section-boxed elementor-section-height-default elementor-section-height-default\" data-id=\"47febbd\" data-element_type=\"section\" data-e-type=\"section\">\n\t\t\t\t\t\t<div class=\"elementor-container elementor-column-gap-default\">\n\t\t\t\t\t<div class=\"elementor-column elementor-col-100 elementor-top-column elementor-element elementor-element-bddbcbd\" data-id=\"bddbcbd\" data-element_type=\"column\" data-e-type=\"column\">\n\t\t\t<div class=\"elementor-widget-wrap elementor-element-populated\">\n\t\t\t\t\t\t<div class=\"elementor-element elementor-element-6f20d69 elementor-widget elementor-widget-text-editor\" data-id=\"6f20d69\" data-element_type=\"widget\" data-e-type=\"widget\" data-widget_type=\"text-editor.default\">\n\t\t\t\t<div class=\"elementor-widget-container\">\n\t\t\t\t\t\t\t\t\t<p><span style=\"font-size: 14pt; font-family: helvetica, arial, sans-serif; color: rgba(60, 60, 60, 0.99);\"><strong>Requisitos Generales:<\/strong><\/span><\/p><p><span style=\"font-size: 14pt; font-family: helvetica, arial, sans-serif; color: rgba(60, 60, 60, 0.99);\"><strong>\u00a0<\/strong><\/span><\/p><p><span style=\"font-size: 14pt; font-family: helvetica, arial, sans-serif; color: rgba(60, 60, 60, 0.99);\">\u2013 Acreditar domicilio en Bogot\u00e1 D.C. <\/span><\/p><p><span style=\"font-family: helvetica, arial, sans-serif; font-size: 14pt; color: rgba(60, 60, 60, 0.99);\">\u2013 Realizar el proceso de inscripci\u00f3n de acuerdo con los par\u00e1metros y fechas establecidas en la convocatoria.<\/span><\/p><p><span style=\"font-family: helvetica, arial, sans-serif; font-size: 14pt; color: rgba(60, 60, 60, 0.99);\">\u2013 Contar con un codeudor que demuestre ingresos en actividades como independiente o empleado.<\/span><\/p>\t\t\t\t\t\t\t\t<\/div>\n\t\t\t\t<\/div>\n\t\t\t\t<div class=\"elementor-element elementor-element-ee18c3b elementor-widget elementor-widget-text-editor\" data-id=\"ee18c3b\" data-element_type=\"widget\" data-e-type=\"widget\" data-widget_type=\"text-editor.default\">\n\t\t\t\t<div class=\"elementor-widget-container\">\n\t\t\t\t\t\t\t\t\t<p><span style=\"font-size: 14pt; font-family: helvetica, arial, sans-serif; color: #333333;\"><strong>Requisitos Socioecon\u00f3micos:<\/strong><\/span><\/p><p>\u00a0<\/p><blockquote><p><span style=\"font-size: 14pt; font-family: helvetica, arial, sans-serif; color: #333333;\">\u2013 Acreditar Estrato Socioecon\u00f3mico 1, 2 o 3.<\/span><\/p><\/blockquote>\t\t\t\t\t\t\t\t<\/div>\n\t\t\t\t<\/div>\n\t\t\t\t<div class=\"elementor-element elementor-element-cb5717a elementor-widget elementor-widget-text-editor\" data-id=\"cb5717a\" data-element_type=\"widget\" data-e-type=\"widget\" data-widget_type=\"text-editor.default\">\n\t\t\t\t<div class=\"elementor-widget-container\">\n\t\t\t\t\t\t\t\t\t<p><span style=\"font-size: 14pt; font-family: helvetica, arial, sans-serif; color: #333333;\"><strong>Requisitos Acad\u00e9micos:<\/strong><\/span><\/p><p><span style=\"font-size: 14pt; font-family: helvetica, arial, sans-serif; color: #333333;\">\u2013 <span style=\"font-size: 14pt; font-family: helvetica, arial, sans-serif; color: rgba(60, 60, 60, 0.99);\">Haber culminado grado 11\u00ba <\/span>\u00a0a partir del a\u00f1o 2005, de colegios oficiales <span style=\"font-size: 14pt; font-family: helvetica, arial, sans-serif; color: rgba(60, 60, 60, 0.99);\">o haber sido financiado con recursos de la Secretar\u00eda de Educaci\u00f3n de Bogot\u00e1 para colegios\u00a0 privados o en convenio y\/o concesi\u00f3n<\/span>.<\/span><\/p><p><span style=\"font-size: 14pt; font-family: helvetica, arial, sans-serif; color: #333333;\">\u2013 Haber presentado la Prueba SABER 11 (Antes ICFES).<\/span><\/p><p><span style=\"font-size: 14pt; font-family: helvetica, arial, sans-serif; color: #333333;\">\u2013 Estar matriculado en una Instituci\u00f3n de Educaci\u00f3n Superior.<\/span><\/p><p><span style=\"font-size: 14pt; font-family: helvetica, arial, sans-serif; color: #999999;\"><span style=\"color: #333333;\">\u2013 Estar matriculado en un programa acad\u00e9mico que se encuentre aprobado por el SNIES<\/span>.<\/span><\/p><p>\u00a0<\/p><p>\u00a0<\/p><ul><li><span style=\"font-family: helvetica, arial, sans-serif; font-size: 14px;\">Si presenta inquietudes al realizar su proceso de solicitud del cr\u00e9dito, le solicitamos informarnos al correo avargas@apice.org.co, o celular y\/o WhatsApp 316 2861759 para indicarle el proceso a seguir.<\/span><\/li><li>\u00a0<\/li><li><span style=\"font-family: helvetica, arial, sans-serif; font-size: 14px;\">De acuerdo con el\u00a0<a href=\"https:\/\/drive.google.com\/file\/d\/185225GEfnJBofV4ZQG8MPHMirX6WECCE\/view\" target=\"_blank\" rel=\"noopener\"><strong>Reglamento del Programa del Cr\u00e9dito Educativo<\/strong>\u00a0<strong>Condonable<\/strong><\/a>, Programa de \u201cPAP\u201d, Art\u00edculo 39\u00a0numeral 5 \u201cLa adulteraci\u00f3n de documentos o presentaci\u00f3n de informaci\u00f3n falsa\u201d, es causal de liquidaci\u00f3n definitiva del cr\u00e9dito educativo, sin el beneficio de la condonaci\u00f3n.<strong>\u00a0<\/strong><a href=\"https:\/\/drive.google.com\/file\/d\/185225GEfnJBofV4ZQG8MPHMirX6WECCE\/view\" target=\"_blank\" rel=\"noopener\"><strong>PDF reglamento<\/strong><\/a><\/span><\/li><\/ul>\t\t\t\t\t\t\t\t<\/div>\n\t\t\t\t<\/div>\n\t\t\t\t\t<\/div>\n\t\t<\/div>\n\t\t\t\t\t<\/div>\n\t\t<\/section>\n\t\t\t\t<section class=\"elementor-section elementor-top-section elementor-element elementor-element-1639904 elementor-section-boxed elementor-section-height-default elementor-section-height-default\" data-id=\"1639904\" data-element_type=\"section\" data-e-type=\"section\">\n\t\t\t\t\t\t<div class=\"elementor-container elementor-column-gap-default\">\n\t\t\t\t\t<div class=\"elementor-column elementor-col-100 elementor-top-column elementor-element elementor-element-4922d43\" data-id=\"4922d43\" data-element_type=\"column\" data-e-type=\"column\">\n\t\t\t<div class=\"elementor-widget-wrap\">\n\t\t\t\t\t\t\t<\/div>\n\t\t<\/div>\n\t\t\t\t\t<\/div>\n\t\t<\/section>\n\t\t\t\t<section class=\"elementor-section elementor-top-section elementor-element elementor-element-672f0de7 elementor-section-boxed elementor-section-height-default elementor-section-height-default\" data-id=\"672f0de7\" data-element_type=\"section\" data-e-type=\"section\">\n\t\t\t\t\t\t<div class=\"elementor-container elementor-column-gap-default\">\n\t\t\t\t\t<div class=\"elementor-column elementor-col-100 elementor-top-column elementor-element elementor-element-4530498f\" data-id=\"4530498f\" data-element_type=\"column\" data-e-type=\"column\">\n\t\t\t<div class=\"elementor-widget-wrap elementor-element-populated\">\n\t\t\t\t\t\t<div class=\"elementor-element elementor-element-2bc80d6e elementor-align-right elementor-invisible elementor-widget elementor-widget-button\" data-id=\"2bc80d6e\" data-element_type=\"widget\" data-e-type=\"widget\" data-settings=\"{&quot;_animation&quot;:&quot;fadeIn&quot;}\" data-widget_type=\"button.default\">\n\t\t\t\t<div class=\"elementor-widget-container\">\n\t\t\t\t\t\t\t\t\t<div class=\"elementor-button-wrapper\">\n\t\t\t\t\t<a class=\"elementor-button elementor-button-link elementor-size-md elementor-animation-pop\" href=\"https:\/\/apice.org.co\/site\/informacion-credito-educativo\/\">\n\t\t\t\t\t\t<span class=\"elementor-button-content-wrapper\">\n\t\t\t\t\t\t<span class=\"elementor-button-icon\">\n\t\t\t\t<i aria-hidden=\"true\" class=\"fas fa-reply\"><\/i>\t\t\t<\/span>\n\t\t\t\t\t\t\t\t\t<span class=\"elementor-button-text\">Regresar<\/span>\n\t\t\t\t\t<\/span>\n\t\t\t\t\t<\/a>\n\t\t\t\t<\/div>\n\t\t\t\t\t\t\t\t<\/div>\n\t\t\t\t<\/div>\n\t\t\t\t\t<\/div>\n\t\t<\/div>\n\t\t\t\t\t<\/div>\n\t\t<\/section>\n\t\t\t\t<section class=\"elementor-section elementor-top-section elementor-element elementor-element-28ca598 elementor-section-boxed elementor-section-height-default elementor-section-height-default\" data-id=\"28ca598\" data-element_type=\"section\" data-e-type=\"section\">\n\t\t\t\t\t\t<div class=\"elementor-container elementor-column-gap-default\">\n\t\t\t\t\t<div class=\"elementor-column elementor-col-100 elementor-top-column elementor-element elementor-element-af47918\" data-id=\"af47918\" data-element_type=\"column\" data-e-type=\"column\">\n\t\t\t<div class=\"elementor-widget-wrap\">\n\t\t\t\t\t\t\t<\/div>\n\t\t<\/div>\n\t\t\t\t\t<\/div>\n\t\t<\/section>\n\t\t\t\t<section class=\"elementor-section elementor-top-section elementor-element elementor-element-64ef848 elementor-section-height-min-height elementor-section-boxed elementor-section-height-default elementor-section-items-middle\" data-id=\"64ef848\" data-element_type=\"section\" data-e-type=\"section\">\n\t\t\t\t\t\t<div class=\"elementor-container elementor-column-gap-default\">\n\t\t\t\t\t<div class=\"elementor-column elementor-col-100 elementor-top-column elementor-element elementor-element-c0246e2\" data-id=\"c0246e2\" data-element_type=\"column\" data-e-type=\"column\">\n\t\t\t<div class=\"elementor-widget-wrap\">\n\t\t\t\t\t\t\t<\/div>\n\t\t<\/div>\n\t\t\t\t\t<\/div>\n\t\t<\/section>\n\t\t\t\t<\/div>\n\t\t","protected":false},"excerpt":{"rendered":"<p>cr\u00e9dito educativo condonable Requisitos Requisitos Generales: \u00a0 \u2013 Acreditar domicilio en Bogot\u00e1 D.C. \u2013 Realizar el proceso de inscripci\u00f3n de acuerdo con los par\u00e1metros y fechas establecidas en la convocatoria. \u2013 Contar con un codeudor que demuestre ingresos en actividades como independiente o empleado. Requisitos Socioecon\u00f3micos: \u00a0 \u2013 Acreditar Estrato Socioecon\u00f3mico 1, 2 o 3. [&hellip;]<\/p>\n","protected":false},"author":7,"featured_media":0,"parent":0,"menu_order":0,"comment_status":"closed","ping_status":"closed","template":"","meta":{"_acf_changed":false,"om_disable_all_campaigns":false,"_exactmetrics_skip_tracking":false,"_exactmetrics_sitenote_active":false,"_exactmetrics_sitenote_note":"","_exactmetrics_sitenote_category":0,"_uf_show_specific_survey":0,"_uf_disable_surveys":false,"footnotes":""},"class_list":["post-7080","page","type-page","status-publish","hentry"],"acf":[],"aioseo_notices":[],"_links":{"self":[{"href":"https:\/\/apice.org.co\/site\/wp-json\/wp\/v2\/pages\/7080","targetHints":{"allow":["GET"]}}],"collection":[{"href":"https:\/\/apice.org.co\/site\/wp-json\/wp\/v2\/pages"}],"about":[{"href":"https:\/\/apice.org.co\/site\/wp-json\/wp\/v2\/types\/page"}],"author":[{"embeddable":true,"href":"https:\/\/apice.org.co\/site\/wp-json\/wp\/v2\/users\/7"}],"replies":[{"embeddable":true,"href":"https:\/\/apice.org.co\/site\/wp-json\/wp\/v2\/comments?post=7080"}],"version-history":[{"count":79,"href":"https:\/\/apice.org.co\/site\/wp-json\/wp\/v2\/pages\/7080\/revisions"}],"predecessor-version":[{"id":14353,"href":"https:\/\/apice.org.co\/site\/wp-json\/wp\/v2\/pages\/7080\/revisions\/14353"}],"wp:attachment":[{"href":"https:\/\/apice.org.co\/site\/wp-json\/wp\/v2\/media?parent=7080"}],"curies":[{"name":"wp","href":"https:\/\/api.w.org\/{rel}","templated":true}]}}