{"id":8093,"date":"2023-11-09T19:02:54","date_gmt":"2023-11-10T00:02:54","guid":{"rendered":"https:\/\/apice.org.co\/site\/?page_id=8093"},"modified":"2023-11-09T19:17:05","modified_gmt":"2023-11-10T00:17:05","slug":"webinarios","status":"publish","type":"page","link":"https:\/\/apice.org.co\/site\/webinarios\/","title":{"rendered":"Webinarios"},"content":{"rendered":"\t\t<div data-elementor-type=\"wp-page\" data-elementor-id=\"8093\" class=\"elementor elementor-8093\" data-elementor-post-type=\"page\">\n\t\t\t\t\t\t<section class=\"elementor-section elementor-top-section elementor-element elementor-element-232e534 elementor-section-boxed elementor-section-height-default elementor-section-height-default\" data-id=\"232e534\" data-element_type=\"section\" data-e-type=\"section\">\n\t\t\t\t\t\t<div class=\"elementor-container elementor-column-gap-default\">\n\t\t\t\t\t<div class=\"elementor-column elementor-col-100 elementor-top-column elementor-element elementor-element-4048501\" data-id=\"4048501\" data-element_type=\"column\" data-e-type=\"column\">\n\t\t\t<div class=\"elementor-widget-wrap elementor-element-populated\">\n\t\t\t\t\t\t<div class=\"elementor-element elementor-element-278df78 elementor-widget elementor-widget-spacer\" data-id=\"278df78\" data-element_type=\"widget\" data-e-type=\"widget\" data-widget_type=\"spacer.default\">\n\t\t\t\t<div class=\"elementor-widget-container\">\n\t\t\t\t\t\t\t<div class=\"elementor-spacer\">\n\t\t\t<div class=\"elementor-spacer-inner\"><\/div>\n\t\t<\/div>\n\t\t\t\t\t\t<\/div>\n\t\t\t\t<\/div>\n\t\t\t\t<div class=\"elementor-element elementor-element-08c0aae elementor-widget elementor-widget-heading\" data-id=\"08c0aae\" data-element_type=\"widget\" data-e-type=\"widget\" data-widget_type=\"heading.default\">\n\t\t\t\t<div class=\"elementor-widget-container\">\n\t\t\t\t\t<h2 class=\"elementor-heading-title elementor-size-default\">Webinarios<\/h2>\t\t\t\t<\/div>\n\t\t\t\t<\/div>\n\t\t\t\t\t<\/div>\n\t\t<\/div>\n\t\t\t\t\t<\/div>\n\t\t<\/section>\n\t\t\t\t<section class=\"elementor-section elementor-top-section elementor-element elementor-element-7d0f3dbf elementor-section-boxed elementor-section-height-default elementor-section-height-default\" data-id=\"7d0f3dbf\" data-element_type=\"section\" data-e-type=\"section\">\n\t\t\t\t\t\t<div class=\"elementor-container elementor-column-gap-default\">\n\t\t\t\t\t<div class=\"elementor-column elementor-col-100 elementor-top-column elementor-element elementor-element-74141253\" data-id=\"74141253\" data-element_type=\"column\" data-e-type=\"column\">\n\t\t\t<div class=\"elementor-widget-wrap elementor-element-populated\">\n\t\t\t\t\t\t<div class=\"elementor-element elementor-element-b75eaab elementor-widget elementor-widget-spacer\" data-id=\"b75eaab\" data-element_type=\"widget\" data-e-type=\"widget\" data-widget_type=\"spacer.default\">\n\t\t\t\t<div class=\"elementor-widget-container\">\n\t\t\t\t\t\t\t<div class=\"elementor-spacer\">\n\t\t\t<div class=\"elementor-spacer-inner\"><\/div>\n\t\t<\/div>\n\t\t\t\t\t\t<\/div>\n\t\t\t\t<\/div>\n\t\t\t\t<div class=\"elementor-element elementor-element-20b643f elementor-position-left animated-slow elementor-vertical-align-middle elementor-invisible elementor-widget elementor-widget-image-box\" data-id=\"20b643f\" data-element_type=\"widget\" data-e-type=\"widget\" data-settings=\"{&quot;_animation&quot;:&quot;fadeIn&quot;}\" data-widget_type=\"image-box.default\">\n\t\t\t\t<div class=\"elementor-widget-container\">\n\t\t\t\t\t<div class=\"elementor-image-box-wrapper\"><figure class=\"elementor-image-box-img\"><img fetchpriority=\"high\" decoding=\"async\" width=\"1060\" height=\"706\" src=\"https:\/\/apice.org.co\/site\/wp-content\/uploads\/2023\/10\/estudiante-clase-mirando-curso_23-2148888810-1.jpg\" class=\"attachment-full size-full wp-image-4776\" alt=\"\" srcset=\"https:\/\/apice.org.co\/site\/wp-content\/uploads\/2023\/10\/estudiante-clase-mirando-curso_23-2148888810-1.jpg 1060w, https:\/\/apice.org.co\/site\/wp-content\/uploads\/2023\/10\/estudiante-clase-mirando-curso_23-2148888810-1-300x200.jpg 300w, https:\/\/apice.org.co\/site\/wp-content\/uploads\/2023\/10\/estudiante-clase-mirando-curso_23-2148888810-1-1024x682.jpg 1024w, https:\/\/apice.org.co\/site\/wp-content\/uploads\/2023\/10\/estudiante-clase-mirando-curso_23-2148888810-1-768x512.jpg 768w, https:\/\/apice.org.co\/site\/wp-content\/uploads\/2023\/10\/estudiante-clase-mirando-curso_23-2148888810-1-320x213.jpg 320w, https:\/\/apice.org.co\/site\/wp-content\/uploads\/2023\/10\/estudiante-clase-mirando-curso_23-2148888810-1-480x320.jpg 480w, https:\/\/apice.org.co\/site\/wp-content\/uploads\/2023\/10\/estudiante-clase-mirando-curso_23-2148888810-1-800x533.jpg 800w, https:\/\/apice.org.co\/site\/wp-content\/uploads\/2023\/10\/elementor\/thumbs\/estudiante-clase-mirando-curso_23-2148888810-1-qeb5x1tfu2cf9ffi78qp1fwqfdz43ejebsy6mzmine.jpg 170w\" sizes=\"(max-width: 1060px) 100vw, 1060px\" \/><\/figure><div class=\"elementor-image-box-content\"><h3 class=\"elementor-image-box-title\">Presentaci\u00f3n de la publicaci\u00f3n virtual, en espa\u00f1ol e ingl\u00e9s, del libro:<\/h3><p class=\"elementor-image-box-description\">\u00a8Financiamiento de la Educaci\u00f3n  Superior frente al Covid-19: Estrategias adoptadas por universidades e instituciones de cr\u00e9dito educativo en Am\u00e9rica Latina y el Caribe\u00a8 . Noviembre 30 de 2022.<\/p><\/div><\/div>\t\t\t\t<\/div>\n\t\t\t\t<\/div>\n\t\t\t\t<div class=\"elementor-element elementor-element-17d74aa elementor-widget elementor-widget-spacer\" data-id=\"17d74aa\" data-element_type=\"widget\" data-e-type=\"widget\" data-widget_type=\"spacer.default\">\n\t\t\t\t<div class=\"elementor-widget-container\">\n\t\t\t\t\t\t\t<div class=\"elementor-spacer\">\n\t\t\t<div class=\"elementor-spacer-inner\"><\/div>\n\t\t<\/div>\n\t\t\t\t\t\t<\/div>\n\t\t\t\t<\/div>\n\t\t\t\t<div class=\"elementor-element elementor-element-5ce2e0b3 elementor-align-right elementor-invisible elementor-widget elementor-widget-button\" data-id=\"5ce2e0b3\" data-element_type=\"widget\" data-e-type=\"widget\" data-settings=\"{&quot;_animation&quot;:&quot;fadeIn&quot;}\" data-widget_type=\"button.default\">\n\t\t\t\t<div class=\"elementor-widget-container\">\n\t\t\t\t\t\t\t\t\t<div class=\"elementor-button-wrapper\">\n\t\t\t\t\t<a class=\"elementor-button elementor-button-link elementor-size-md elementor-animation-pop\" href=\"https:\/\/apice.org.co\/site\/eventos-rea\">\n\t\t\t\t\t\t<span class=\"elementor-button-content-wrapper\">\n\t\t\t\t\t\t<span class=\"elementor-button-icon\">\n\t\t\t\t<i aria-hidden=\"true\" class=\"fas fa-reply\"><\/i>\t\t\t<\/span>\n\t\t\t\t\t\t\t\t\t<span class=\"elementor-button-text\">Regresar<\/span>\n\t\t\t\t\t<\/span>\n\t\t\t\t\t<\/a>\n\t\t\t\t<\/div>\n\t\t\t\t\t\t\t\t<\/div>\n\t\t\t\t<\/div>\n\t\t\t\t<div class=\"elementor-element elementor-element-29aee70 elementor-widget elementor-widget-spacer\" data-id=\"29aee70\" data-element_type=\"widget\" data-e-type=\"widget\" data-widget_type=\"spacer.default\">\n\t\t\t\t<div class=\"elementor-widget-container\">\n\t\t\t\t\t\t\t<div class=\"elementor-spacer\">\n\t\t\t<div class=\"elementor-spacer-inner\"><\/div>\n\t\t<\/div>\n\t\t\t\t\t\t<\/div>\n\t\t\t\t<\/div>\n\t\t\t\t\t<\/div>\n\t\t<\/div>\n\t\t\t\t\t<\/div>\n\t\t<\/section>\n\t\t\t\t<\/div>\n\t\t","protected":false},"excerpt":{"rendered":"<p>Webinarios Presentaci\u00f3n de la publicaci\u00f3n virtual, en espa\u00f1ol e ingl\u00e9s, del libro: \u00a8Financiamiento de la Educaci\u00f3n Superior frente al Covid-19: Estrategias adoptadas por universidades e instituciones de cr\u00e9dito educativo en Am\u00e9rica Latina y el Caribe\u00a8 . Noviembre 30 de 2022. Regresar<\/p>\n","protected":false},"author":5,"featured_media":0,"parent":0,"menu_order":0,"comment_status":"closed","ping_status":"closed","template":"","meta":{"_acf_changed":false,"om_disable_all_campaigns":false,"_exactmetrics_skip_tracking":false,"_exactmetrics_sitenote_active":false,"_exactmetrics_sitenote_note":"","_exactmetrics_sitenote_category":0,"_uf_show_specific_survey":0,"_uf_disable_surveys":false,"footnotes":""},"class_list":["post-8093","page","type-page","status-publish","hentry"],"acf":[],"aioseo_notices":[],"_links":{"self":[{"href":"https:\/\/apice.org.co\/site\/wp-json\/wp\/v2\/pages\/8093","targetHints":{"allow":["GET"]}}],"collection":[{"href":"https:\/\/apice.org.co\/site\/wp-json\/wp\/v2\/pages"}],"about":[{"href":"https:\/\/apice.org.co\/site\/wp-json\/wp\/v2\/types\/page"}],"author":[{"embeddable":true,"href":"https:\/\/apice.org.co\/site\/wp-json\/wp\/v2\/users\/5"}],"replies":[{"embeddable":true,"href":"https:\/\/apice.org.co\/site\/wp-json\/wp\/v2\/comments?post=8093"}],"version-history":[{"count":30,"href":"https:\/\/apice.org.co\/site\/wp-json\/wp\/v2\/pages\/8093\/revisions"}],"predecessor-version":[{"id":8127,"href":"https:\/\/apice.org.co\/site\/wp-json\/wp\/v2\/pages\/8093\/revisions\/8127"}],"wp:attachment":[{"href":"https:\/\/apice.org.co\/site\/wp-json\/wp\/v2\/media?parent=8093"}],"curies":[{"name":"wp","href":"https:\/\/api.w.org\/{rel}","templated":true}]}}