{"id":8334,"date":"2023-11-13T17:04:46","date_gmt":"2023-11-13T22:04:46","guid":{"rendered":"https:\/\/apice.org.co\/site\/?page_id=8334"},"modified":"2026-05-08T11:36:17","modified_gmt":"2026-05-08T16:36:17","slug":"afiliados-bolivia","status":"publish","type":"page","link":"https:\/\/apice.org.co\/site\/afiliados-bolivia\/","title":{"rendered":"afiliados bolivia"},"content":{"rendered":"\t\t<div data-elementor-type=\"wp-page\" data-elementor-id=\"8334\" class=\"elementor elementor-8334\" data-elementor-post-type=\"page\">\n\t\t\t\t\t\t<section class=\"elementor-section elementor-top-section elementor-element elementor-element-687fafd elementor-section-boxed elementor-section-height-default elementor-section-height-default\" data-id=\"687fafd\" data-element_type=\"section\" data-e-type=\"section\">\n\t\t\t\t\t\t<div class=\"elementor-container elementor-column-gap-default\">\n\t\t\t\t\t<div class=\"elementor-column elementor-col-100 elementor-top-column elementor-element elementor-element-e9d8e5a\" data-id=\"e9d8e5a\" data-element_type=\"column\" data-e-type=\"column\">\n\t\t\t<div class=\"elementor-widget-wrap elementor-element-populated\">\n\t\t\t\t\t\t<div class=\"elementor-element elementor-element-92ed902 elementor-widget elementor-widget-spacer\" data-id=\"92ed902\" data-element_type=\"widget\" data-e-type=\"widget\" data-widget_type=\"spacer.default\">\n\t\t\t\t<div class=\"elementor-widget-container\">\n\t\t\t\t\t\t\t<div class=\"elementor-spacer\">\n\t\t\t<div class=\"elementor-spacer-inner\"><\/div>\n\t\t<\/div>\n\t\t\t\t\t\t<\/div>\n\t\t\t\t<\/div>\n\t\t\t\t\t<\/div>\n\t\t<\/div>\n\t\t\t\t\t<\/div>\n\t\t<\/section>\n\t\t\t\t<section class=\"elementor-section elementor-top-section elementor-element elementor-element-e890f42 elementor-section-boxed elementor-section-height-default elementor-section-height-default\" data-id=\"e890f42\" data-element_type=\"section\" data-e-type=\"section\">\n\t\t\t\t\t\t<div class=\"elementor-container elementor-column-gap-default\">\n\t\t\t\t\t<div class=\"elementor-column elementor-col-100 elementor-top-column elementor-element elementor-element-6aba6a2\" data-id=\"6aba6a2\" data-element_type=\"column\" data-e-type=\"column\">\n\t\t\t<div class=\"elementor-widget-wrap elementor-element-populated\">\n\t\t\t\t\t\t<div class=\"elementor-element elementor-element-9ad2dc8 elementor-widget elementor-widget-heading\" data-id=\"9ad2dc8\" data-element_type=\"widget\" data-e-type=\"widget\" data-widget_type=\"heading.default\">\n\t\t\t\t<div class=\"elementor-widget-container\">\n\t\t\t\t\t<h2 class=\"elementor-heading-title elementor-size-default\">Afiliados \u00e1pice<\/h2>\t\t\t\t<\/div>\n\t\t\t\t<\/div>\n\t\t\t\t<div class=\"elementor-element elementor-element-0b20e35 elementor-widget elementor-widget-heading\" data-id=\"0b20e35\" data-element_type=\"widget\" data-e-type=\"widget\" data-widget_type=\"heading.default\">\n\t\t\t\t<div class=\"elementor-widget-container\">\n\t\t\t\t\t<h2 class=\"elementor-heading-title elementor-size-default\">Bolivia<\/h2>\t\t\t\t<\/div>\n\t\t\t\t<\/div>\n\t\t\t\t\t<\/div>\n\t\t<\/div>\n\t\t\t\t\t<\/div>\n\t\t<\/section>\n\t\t\t\t<section class=\"elementor-section elementor-top-section elementor-element elementor-element-7433068 elementor-section-boxed elementor-section-height-default elementor-section-height-default\" data-id=\"7433068\" data-element_type=\"section\" data-e-type=\"section\">\n\t\t\t\t\t\t<div class=\"elementor-container elementor-column-gap-default\">\n\t\t\t\t\t<div class=\"elementor-column elementor-col-100 elementor-top-column elementor-element elementor-element-4fb6726\" data-id=\"4fb6726\" data-element_type=\"column\" data-e-type=\"column\">\n\t\t\t<div class=\"elementor-widget-wrap elementor-element-populated\">\n\t\t\t\t\t\t<div class=\"elementor-element elementor-element-d2f3db1 elementor-widget elementor-widget-image\" data-id=\"d2f3db1\" data-element_type=\"widget\" data-e-type=\"widget\" data-widget_type=\"image.default\">\n\t\t\t\t<div class=\"elementor-widget-container\">\n\t\t\t\t\t\t\t\t\t\t\t\t\t\t\t<img decoding=\"async\" src=\"https:\/\/apice.org.co\/site\/wp-content\/uploads\/elementor\/thumbs\/bolivia-qemwpy4wpsq2cif8b65vcnq2lon5gckkr672bhhzj4.jpg\" title=\"bolivia\" alt=\"Bolivia\" loading=\"lazy\" \/>\t\t\t\t\t\t\t\t\t\t\t\t\t\t\t<\/div>\n\t\t\t\t<\/div>\n\t\t\t\t\t<\/div>\n\t\t<\/div>\n\t\t\t\t\t<\/div>\n\t\t<\/section>\n\t\t\t\t<section class=\"elementor-section elementor-top-section elementor-element elementor-element-fd93874 elementor-section-boxed elementor-section-height-default elementor-section-height-default\" data-id=\"fd93874\" data-element_type=\"section\" data-e-type=\"section\">\n\t\t\t\t\t\t<div class=\"elementor-container elementor-column-gap-default\">\n\t\t\t\t\t<div class=\"elementor-column elementor-col-100 elementor-top-column elementor-element elementor-element-e49759f\" data-id=\"e49759f\" data-element_type=\"column\" data-e-type=\"column\">\n\t\t\t<div class=\"elementor-widget-wrap elementor-element-populated\">\n\t\t\t\t\t\t<div class=\"elementor-element elementor-element-94bb658 elementor-widget elementor-widget-spacer\" data-id=\"94bb658\" data-element_type=\"widget\" data-e-type=\"widget\" data-widget_type=\"spacer.default\">\n\t\t\t\t<div class=\"elementor-widget-container\">\n\t\t\t\t\t\t\t<div class=\"elementor-spacer\">\n\t\t\t<div class=\"elementor-spacer-inner\"><\/div>\n\t\t<\/div>\n\t\t\t\t\t\t<\/div>\n\t\t\t\t<\/div>\n\t\t\t\t<div class=\"elementor-element elementor-element-eef6814 elementor-widget elementor-widget-accordion\" data-id=\"eef6814\" data-element_type=\"widget\" data-e-type=\"widget\" data-widget_type=\"accordion.default\">\n\t\t\t\t<div class=\"elementor-widget-container\">\n\t\t\t\t\t\t\t<div class=\"elementor-accordion\">\n\t\t\t\t\t\t\t<div class=\"elementor-accordion-item\">\n\t\t\t\t\t<div id=\"elementor-tab-title-2501\" class=\"elementor-tab-title\" data-tab=\"1\" role=\"button\" aria-controls=\"elementor-tab-content-2501\" aria-expanded=\"false\">\n\t\t\t\t\t\t\t\t\t\t\t\t\t<span class=\"elementor-accordion-icon elementor-accordion-icon-left\" aria-hidden=\"true\">\n\t\t\t\t\t\t\t\t\t\t\t\t\t\t\t<span class=\"elementor-accordion-icon-closed\"><i class=\"fas fa-plus\"><\/i><\/span>\n\t\t\t\t\t\t\t\t<span class=\"elementor-accordion-icon-opened\"><i class=\"fas fa-minus\"><\/i><\/span>\n\t\t\t\t\t\t\t\t\t\t\t\t\t\t<\/span>\n\t\t\t\t\t\t\t\t\t\t\t\t<a class=\"elementor-accordion-title\" tabindex=\"0\">Fundaci\u00f3n CIDEP para la Educaci\u00f3n, FUNDACIDEP<\/a>\n\t\t\t\t\t<\/div>\n\t\t\t\t\t<div id=\"elementor-tab-content-2501\" class=\"elementor-tab-content elementor-clearfix\" data-tab=\"1\" role=\"region\" aria-labelledby=\"elementor-tab-title-2501\"><table style=\"width: 130.466%; height: 653px;\" width=\"750\"><tbody><tr style=\"height: 28px;\"><td style=\"text-align: center; height: 28px;\"><span style=\"font-size: 14pt; font-family: helvetica, arial, sans-serif; color: rgba(60, 60, 60, 0.99);\"><strong>Miembro Nacional de \u00c1PICE<\/strong><\/span><\/td><\/tr><tr style=\"height: 94px;\"><td style=\"height: 94px;\"><p><span style=\"font-size: 14pt; font-family: helvetica, arial, sans-serif; color: #006699;\"><span style=\"color: rgba(60, 60, 60, 0.99);\"><strong>Mercy Su\u00e1rez A\u00f1ez<\/strong>, Directora Ejecutiva \u2013<\/span>\u00a0<strong><a style=\"color: #006699;\" href=\"mailto:msuarez@fundacidep.org.bo\">msuarez@fundacidep.org.bo<\/a><\/strong><\/span><\/p><hr \/><\/td><\/tr><tr style=\"height: 94px;\"><td style=\"height: 94px;\"><p><span style=\"font-size: 14pt; font-family: helvetica, arial, sans-serif; color: #006699;\"><span style=\"color: rgba(60, 60, 60, 0.99);\"><strong>Mirtha Nogales Guzm\u00e1n<\/strong>, Jefe de Finanzas \u2013<\/span>\u00a0<strong><a style=\"color: #006699;\" href=\"mailto:mirthanogales@fundacidep.org.bo\">mirthanogales@fundacidep.org.bo<\/a><\/strong><\/span><\/p><hr \/><\/td><\/tr><tr style=\"height: 100px;\"><td style=\"height: 100px;\"><p><span style=\"font-size: 14pt; font-family: helvetica, arial, sans-serif; color: rgba(60, 60, 60, 0.99);\"><strong>Doris Justiniano Candia<\/strong>, Jefe Departamento de Cr\u00e9dito y Cobranzas \u2013 <span style=\"font-size: 14pt; font-family: helvetica, arial, sans-serif; color: #006699;\"><strong><a style=\"color: #006699;\" href=\"mailto:djustiniano@fundacidep.org.bo\">djustiniano@fundacidep.org.bo<\/a><\/strong><\/span><\/span><\/p><\/td><\/tr><tr style=\"height: 80px;\"><td style=\"height: 80px;\"><hr \/><p style=\"text-align: center;\"><span style=\"font-size: 14pt; font-family: helvetica, arial, sans-serif; color: rgba(60, 60, 60, 0.99);\">Tel: \u00a0591 33 542200 \u2013 591 33 554224\u00a0<\/span><\/p><hr \/><\/td><\/tr><tr style=\"height: 132px;\"><td style=\"height: 132px;\"><p style=\"text-align: center;\"><span style=\"font-size: 14pt; font-family: helvetica, arial, sans-serif; color: rgba(60, 60, 60, 0.99);\">Avenida Pirai entrando por la Calle Mocapini, Esquina Calle Guacaya No. 35 Barrio Urbari\u00a0<\/span><\/p><p style=\"text-align: center;\"><span style=\"font-size: 14pt; font-family: helvetica, arial, sans-serif; color: rgba(60, 60, 60, 0.99);\"><strong>Santa cruz de la Sierra, Bolivia<\/strong><\/span><\/p><\/td><\/tr><tr style=\"height: 28px;\"><td style=\"height: 28px; text-align: center;\"><span style=\"font-size: 14pt; font-family: helvetica, arial, sans-serif; color: #006699;\"><strong><a style=\"color: #006699;\" href=\"http:\/\/www.fundacidep.org.bo\/\" target=\"_blank\" rel=\"noopener\">www.fundacidep.org.bo<\/a><\/strong><\/span><\/td><\/tr><\/tbody><\/table><\/div>\n\t\t\t\t<\/div>\n\t\t\t\t\t\t\t<div class=\"elementor-accordion-item\">\n\t\t\t\t\t<div id=\"elementor-tab-title-2502\" class=\"elementor-tab-title\" data-tab=\"2\" role=\"button\" aria-controls=\"elementor-tab-content-2502\" aria-expanded=\"false\">\n\t\t\t\t\t\t\t\t\t\t\t\t\t<span class=\"elementor-accordion-icon elementor-accordion-icon-left\" aria-hidden=\"true\">\n\t\t\t\t\t\t\t\t\t\t\t\t\t\t\t<span class=\"elementor-accordion-icon-closed\"><i class=\"fas fa-plus\"><\/i><\/span>\n\t\t\t\t\t\t\t\t<span class=\"elementor-accordion-icon-opened\"><i class=\"fas fa-minus\"><\/i><\/span>\n\t\t\t\t\t\t\t\t\t\t\t\t\t\t<\/span>\n\t\t\t\t\t\t\t\t\t\t\t\t<a class=\"elementor-accordion-title\" tabindex=\"0\">CRECER IFD, Cr\u00e9dito con Educaci\u00f3n Rural<\/a>\n\t\t\t\t\t<\/div>\n\t\t\t\t\t<div id=\"elementor-tab-content-2502\" class=\"elementor-tab-content elementor-clearfix\" data-tab=\"2\" role=\"region\" aria-labelledby=\"elementor-tab-title-2502\"><table width=\"750\"><tbody><tr><td style=\"text-align: center;\"><p><span style=\"color: rgba(60, 60, 60, 0.99); font-size: 14pt; font-family: helvetica, arial, sans-serif;\"><strong>Miembro Institucional de \u00c1PICE<\/strong><\/span><\/p><p>\u00a0<\/p><\/td><\/tr><tr><td><span style=\"color: rgba(60, 60, 60, 0.99); font-size: 14pt; font-family: helvetica, arial, sans-serif;\"><strong>Jos\u00e9 Auad Lema<\/strong>, Gerente General \u2013\u00a0<span style=\"color: #006699;\"><strong><a style=\"color: #006699;\" href=\"mailto:jauad@crecerifd.bo\">jauad@crecerifd.bo<\/a><\/strong><\/span><\/span><\/td><\/tr><tr><td><p><span style=\"color: rgba(60, 60, 60, 0.99); font-size: 14pt; font-family: helvetica, arial, sans-serif;\">Tel: 591 2 2114040 \u2013 591 2 2178000 \u2013 Fax: 591 2 2114040 Ext. 9009<\/span><\/p><hr \/><\/td><\/tr><tr><td><p>\u00a0<\/p><p><span style=\"color: rgba(60, 60, 60, 0.99); font-size: 14pt; font-family: helvetica, arial, sans-serif;\"><strong>Isaac Gorena Espinoza<\/strong>, Gerente Nacional de Finanzas y Captaciones<\/span><\/p><\/td><\/tr><tr><td><p><span style=\"color: rgba(60, 60, 60, 0.99); font-size: 14pt; font-family: helvetica, arial, sans-serif;\"><strong><span style=\"color: #006699;\"><a style=\"color: #006699;\" href=\"mailto:igorena@crecerifd.bo\">igorena@crecerifd.bo<\/a>\u00a0<\/span>\u00a0\u2013\u00a0<\/strong>Tel: 591 2 2114040\u00a0<\/span><\/p><hr \/><\/td><\/tr><tr><td><p>\u00a0<\/p><p><span style=\"color: rgba(60, 60, 60, 0.99); font-size: 14pt; font-family: helvetica, arial, sans-serif;\"><strong>Hugo Bellot Arnez,\u00a0<\/strong>Gerente Nacional de Planificaci\u00f3n e Innovaci\u00f3n<strong>\u00a0<\/strong><\/span><\/p><\/td><\/tr><tr><td><p><span style=\"color: rgba(60, 60, 60, 0.99); font-size: 14pt; font-family: helvetica, arial, sans-serif;\"><strong><span style=\"color: #006699;\"><a style=\"color: #006699;\" href=\"mailto:hbellot@crecerifd.bo\">hbellot@crecerifd.bo<\/a><\/span>\u00a0\u2013\u00a0<\/strong><a style=\"color: rgba(60, 60, 60, 0.99);\" href=\"mailto:hbellot@crecerifd.bo\">Tel: 591 2\u00a02114040<\/a><\/span><\/p><\/td><\/tr><tr><td><hr \/><p>\u00a0<\/p><p><span style=\"color: rgba(60, 60, 60, 0.99); font-size: 14pt; font-family: helvetica, arial, sans-serif;\"><strong>Julio Johnny Illanes Riveros<\/strong>, Gerente Nacional de Negocios\u00a0<\/span><\/p><\/td><\/tr><tr><td><p><span style=\"color: rgba(60, 60, 60, 0.99); font-size: 14pt; font-family: helvetica, arial, sans-serif;\"><strong><span style=\"color: #006699;\"><a style=\"color: #006699;\" href=\"mailto:jilanes@crecerifd.bo\">jilanes@crecerifd.bo<\/a><\/span>\u00a0\u2013\u00a0<\/strong>Tel: 591 2 2114040 Ext. 9010\u00a0\u00a0<\/span><\/p><hr \/><\/td><\/tr><tr><td><p>\u00a0<\/p><p><span style=\"color: rgba(60, 60, 60, 0.99); font-size: 14pt; font-family: helvetica, arial, sans-serif;\"><strong>Eduardo Fern\u00e1ndez Gallego<\/strong>, Gerente Nacional de Operaciones\u00a0<\/span><\/p><\/td><\/tr><tr><td><p><span style=\"color: rgba(60, 60, 60, 0.99); font-size: 14pt; font-family: helvetica, arial, sans-serif;\"><strong><span style=\"color: #006699;\"><a style=\"color: #006699;\" href=\"mailto:efernandez@crecerifd.bo\">efernandez@crecerifd.bo<\/a>\u00a0<\/span>\u2013\u00a0<\/strong>Tel: 591 2 2114040 Ext. 9010<\/span><\/p><hr \/><\/td><\/tr><tr><td><p>\u00a0<\/p><p><span style=\"color: rgba(60, 60, 60, 0.99); font-size: 14pt; font-family: helvetica, arial, sans-serif;\"><strong>Nadia Alcazar Garc\u00eda<\/strong>, Jefe Nacional del Cr\u00e9dito Individual\u00a0<\/span><\/p><\/td><\/tr><tr><td><p><span style=\"color: rgba(60, 60, 60, 0.99); font-size: 14pt; font-family: helvetica, arial, sans-serif;\"><strong><span style=\"color: #006699;\"><a style=\"color: #006699;\" href=\"mailto:nalcazar@crecerifd.bo\">nalcazar<\/a><\/span><a style=\"color: rgba(60, 60, 60, 0.99);\" href=\"mailto:jauad@crecer.bo\"><span style=\"color: #006699;\">@crecerifd.bo<\/span><\/a>\u00a0\u2013\u00a0<\/strong>Tel: 591 2 2114040 Ext. 9012<\/span><\/p><hr \/><\/td><\/tr><tr><td><p>\u00a0<\/p><p><span style=\"color: rgba(60, 60, 60, 0.99); font-size: 14pt; font-family: helvetica, arial, sans-serif;\"><strong>Ninoska Araceli Mart\u00ednez Soria Galvarro<\/strong>, Jefe Nacional de Imagen y Comunicaci\u00f3n\u00a0<\/span><\/p><\/td><\/tr><tr><td><p><span style=\"color: rgba(60, 60, 60, 0.99); font-size: 14pt; font-family: helvetica, arial, sans-serif;\"><strong><a style=\"color: rgba(60, 60, 60, 0.99);\" href=\"mailto:NMartinez@crecerifd.bo\"><span style=\"color: #006699;\">NMartinez@crecerifd.bo<\/span><\/a>\u00a0\u2013\u00a0<\/strong>Tel: 591 2 2114040 Ext. 9005<\/span><\/p><hr \/><\/td><\/tr><tr><td>\u00a0<\/td><\/tr><tr><td><p><span style=\"color: rgba(60, 60, 60, 0.99); font-size: 14pt; font-family: helvetica, arial, sans-serif;\">Fax: 591 2\u00a02114040 Ext. 9009<\/span><\/p><hr \/><\/td><\/tr><tr><td style=\"text-align: center;\"><p>\u00a0<\/p><p><span style=\"color: rgba(60, 60, 60, 0.99); font-size: 14pt; font-family: helvetica, arial, sans-serif;\">\u00a0\u00a0Calle Demetrio Canelas No. 27 entre 16 y 17, Zona Obrajes<\/span><\/p><p style=\"text-align: center;\"><span style=\"color: rgba(60, 60, 60, 0.99); font-size: 14pt; font-family: helvetica, arial, sans-serif;\"><strong>La Paz, Bolivia\u00a0<\/strong><\/span><\/p><\/td><\/tr><tr><td style=\"text-align: center;\"><p>\u00a0<\/p><p><span style=\"color: #006699; font-size: 14pt; font-family: helvetica, arial, sans-serif;\"><a style=\"color: #006699;\" href=\"http:\/\/www.crecer.org.bo\/\" target=\"_blank\" rel=\"noopener\"><strong>www.crecer.org.bo<\/strong><\/a><\/span><\/p><\/td><\/tr><\/tbody><\/table><\/div>\n\t\t\t\t<\/div>\n\t\t\t\t\t\t\t<div class=\"elementor-accordion-item\">\n\t\t\t\t\t<div id=\"elementor-tab-title-2503\" class=\"elementor-tab-title\" data-tab=\"3\" role=\"button\" aria-controls=\"elementor-tab-content-2503\" aria-expanded=\"false\">\n\t\t\t\t\t\t\t\t\t\t\t\t\t<span class=\"elementor-accordion-icon elementor-accordion-icon-left\" aria-hidden=\"true\">\n\t\t\t\t\t\t\t\t\t\t\t\t\t\t\t<span class=\"elementor-accordion-icon-closed\"><i class=\"fas fa-plus\"><\/i><\/span>\n\t\t\t\t\t\t\t\t<span class=\"elementor-accordion-icon-opened\"><i class=\"fas fa-minus\"><\/i><\/span>\n\t\t\t\t\t\t\t\t\t\t\t\t\t\t<\/span>\n\t\t\t\t\t\t\t\t\t\t\t\t<a class=\"elementor-accordion-title\" tabindex=\"0\">ELIAS ORT\u00cdZ MEJ\u00cdA<\/a>\n\t\t\t\t\t<\/div>\n\t\t\t\t\t<div id=\"elementor-tab-content-2503\" class=\"elementor-tab-content elementor-clearfix\" data-tab=\"3\" role=\"region\" aria-labelledby=\"elementor-tab-title-2503\"><table width=\"750\"><tbody><tr><td><p style=\"text-align: center;\"><span style=\"color: rgba(60, 60, 60, 0.99); font-size: 14pt; font-family: helvetica, arial, sans-serif;\"><strong>Miembro Honorario\u00a0<\/strong><\/span><\/p><\/td><\/tr><tr><td><p>\u00a0<\/p><p><span style=\"color: rgba(60, 60, 60, 0.99); font-size: 14pt; font-family: helvetica, arial, sans-serif;\"><strong>Elias Ortiz Mej\u00eda<\/strong>, Presidente del Directorio CIDEP<\/span><\/p><\/td><\/tr><tr><td><span style=\"color: #006699; font-size: 14pt; font-family: helvetica, arial, sans-serif;\"><strong><a style=\"color: #006699;\" href=\"mailto:cidep@cotas.com.bo\">cidep<\/a><a style=\"color: #006699;\" href=\"mailto:cidep@cotas.com.bo\">@cotas.com.bo<\/a><\/strong><\/span><\/td><\/tr><tr><td><span style=\"color: rgba(60, 60, 60, 0.99); font-size: 14pt; font-family: helvetica, arial, sans-serif;\">Tel: 591 33 344224 \u2013\u00a0Fax: 591 33 351034<\/span><p>\u00a0<\/p><hr \/><\/td><\/tr><tr><td><p style=\"text-align: center;\"><span style=\"color: rgba(60, 60, 60, 0.99); font-size: 14pt; font-family: helvetica, arial, sans-serif;\">Casilla 2092<\/span><\/p><p style=\"text-align: center;\"><span style=\"color: rgba(60, 60, 60, 0.99); font-size: 14pt; font-family: helvetica, arial, sans-serif;\">\u00a0<strong>\u00a0Santa cruz de la Sierra, Bolivia<\/strong><\/span><\/p><\/td><\/tr><\/tbody><\/table><\/div>\n\t\t\t\t<\/div>\n\t\t\t\t\t\t\t\t<\/div>\n\t\t\t\t\t\t<\/div>\n\t\t\t\t<\/div>\n\t\t\t\t\t<\/div>\n\t\t<\/div>\n\t\t\t\t\t<\/div>\n\t\t<\/section>\n\t\t\t\t<section class=\"elementor-section elementor-top-section elementor-element elementor-element-25eb7be elementor-section-boxed elementor-section-height-default elementor-section-height-default\" data-id=\"25eb7be\" data-element_type=\"section\" data-e-type=\"section\">\n\t\t\t\t\t\t<div class=\"elementor-container elementor-column-gap-default\">\n\t\t\t\t\t<div class=\"elementor-column elementor-col-100 elementor-top-column elementor-element elementor-element-687315c\" data-id=\"687315c\" data-element_type=\"column\" data-e-type=\"column\">\n\t\t\t<div class=\"elementor-widget-wrap elementor-element-populated\">\n\t\t\t\t\t\t<div class=\"elementor-element elementor-element-a84bba5 elementor-widget elementor-widget-spacer\" data-id=\"a84bba5\" data-element_type=\"widget\" data-e-type=\"widget\" data-widget_type=\"spacer.default\">\n\t\t\t\t<div class=\"elementor-widget-container\">\n\t\t\t\t\t\t\t<div class=\"elementor-spacer\">\n\t\t\t<div class=\"elementor-spacer-inner\"><\/div>\n\t\t<\/div>\n\t\t\t\t\t\t<\/div>\n\t\t\t\t<\/div>\n\t\t\t\t\t<\/div>\n\t\t<\/div>\n\t\t\t\t\t<\/div>\n\t\t<\/section>\n\t\t\t\t<section class=\"elementor-section elementor-top-section elementor-element elementor-element-71a41d7 elementor-section-boxed elementor-section-height-default elementor-section-height-default\" data-id=\"71a41d7\" data-element_type=\"section\" data-e-type=\"section\">\n\t\t\t\t\t\t<div class=\"elementor-container elementor-column-gap-default\">\n\t\t\t\t\t<div class=\"elementor-column elementor-col-100 elementor-top-column elementor-element elementor-element-1c35a7e5\" data-id=\"1c35a7e5\" data-element_type=\"column\" data-e-type=\"column\">\n\t\t\t<div class=\"elementor-widget-wrap elementor-element-populated\">\n\t\t\t\t\t\t<div class=\"elementor-element elementor-element-65671e5b elementor-align-right elementor-invisible elementor-widget elementor-widget-button\" data-id=\"65671e5b\" data-element_type=\"widget\" data-e-type=\"widget\" data-settings=\"{&quot;_animation&quot;:&quot;fadeIn&quot;}\" data-widget_type=\"button.default\">\n\t\t\t\t<div class=\"elementor-widget-container\">\n\t\t\t\t\t\t\t\t\t<div class=\"elementor-button-wrapper\">\n\t\t\t\t\t<a class=\"elementor-button elementor-button-link elementor-size-md elementor-animation-pop\" href=\"https:\/\/apice.org.co\/site\/afiliados\/\">\n\t\t\t\t\t\t<span class=\"elementor-button-content-wrapper\">\n\t\t\t\t\t\t<span class=\"elementor-button-icon\">\n\t\t\t\t<i aria-hidden=\"true\" class=\"fas fa-reply\"><\/i>\t\t\t<\/span>\n\t\t\t\t\t\t\t\t\t<span class=\"elementor-button-text\">Regresar<\/span>\n\t\t\t\t\t<\/span>\n\t\t\t\t\t<\/a>\n\t\t\t\t<\/div>\n\t\t\t\t\t\t\t\t<\/div>\n\t\t\t\t<\/div>\n\t\t\t\t\t<\/div>\n\t\t<\/div>\n\t\t\t\t\t<\/div>\n\t\t<\/section>\n\t\t\t\t<\/div>\n\t\t","protected":false},"excerpt":{"rendered":"<p>Afiliados \u00e1pice Bolivia Fundaci\u00f3n CIDEP para la Educaci\u00f3n, FUNDACIDEP Miembro Nacional de \u00c1PICE Mercy Su\u00e1rez A\u00f1ez, Directora Ejecutiva \u2013\u00a0msuarez@fundacidep.org.bo Mirtha Nogales Guzm\u00e1n, Jefe de Finanzas \u2013\u00a0mirthanogales@fundacidep.org.bo Doris Justiniano Candia, Jefe Departamento de Cr\u00e9dito y Cobranzas \u2013 djustiniano@fundacidep.org.bo Tel: \u00a0591 33 542200 \u2013 591 33 554224\u00a0 Avenida Pirai entrando por la Calle Mocapini, Esquina Calle Guacaya [&hellip;]<\/p>\n","protected":false},"author":4,"featured_media":0,"parent":0,"menu_order":0,"comment_status":"closed","ping_status":"closed","template":"","meta":{"_acf_changed":false,"om_disable_all_campaigns":false,"_exactmetrics_skip_tracking":false,"_exactmetrics_sitenote_active":false,"_exactmetrics_sitenote_note":"","_exactmetrics_sitenote_category":0,"_uf_show_specific_survey":0,"_uf_disable_surveys":false,"footnotes":""},"class_list":["post-8334","page","type-page","status-publish","hentry"],"acf":[],"aioseo_notices":[],"_links":{"self":[{"href":"https:\/\/apice.org.co\/site\/wp-json\/wp\/v2\/pages\/8334","targetHints":{"allow":["GET"]}}],"collection":[{"href":"https:\/\/apice.org.co\/site\/wp-json\/wp\/v2\/pages"}],"about":[{"href":"https:\/\/apice.org.co\/site\/wp-json\/wp\/v2\/types\/page"}],"author":[{"embeddable":true,"href":"https:\/\/apice.org.co\/site\/wp-json\/wp\/v2\/users\/4"}],"replies":[{"embeddable":true,"href":"https:\/\/apice.org.co\/site\/wp-json\/wp\/v2\/comments?post=8334"}],"version-history":[{"count":55,"href":"https:\/\/apice.org.co\/site\/wp-json\/wp\/v2\/pages\/8334\/revisions"}],"predecessor-version":[{"id":15174,"href":"https:\/\/apice.org.co\/site\/wp-json\/wp\/v2\/pages\/8334\/revisions\/15174"}],"wp:attachment":[{"href":"https:\/\/apice.org.co\/site\/wp-json\/wp\/v2\/media?parent=8334"}],"curies":[{"name":"wp","href":"https:\/\/api.w.org\/{rel}","templated":true}]}}